43 = -0*n. What is the units digit of z?
1
Let t = 43 + -24. Let i = -17 + t. Suppose 2*c - i = 24. What is the tens digit of c?
1
Let o be (-2)/(-10) - (-328)/(-40). What is the tens digit of (-78 + 10)*2/o?
1
What is the units digit of (-9687)/(-18) - 1 - (-2)/(-12)?
7
Suppose 22*z + k = 18*z + 7282, 4*z - 7290 = -5*k. What is the thousands digit of z?
1
Let t(f) = -f**2 - 20*f - 24. Let p be t(-18). What is the units digit of (64 - p/4) + -4?
7
Suppose 8*c = -c. Suppose 3*k = 3*v + 6*k - 177, -5*v + 3*k + 335 = c. What is the tens digit of v?
6
Let n = 1143 - 517. What is the tens digit of n?
2
Suppose 0 = 3*r - 1402 - 458. What is the tens digit of r?
2
Let x = -1713 - -318. Let l = 165 + x. What is the units digit of l/(-42) + (-6)/21?
9
What is the hundreds digit of 688/6*1428/272?
6
Let g(o) = 6*o - 3. Let v be g(-2). Let w = -10 - v. Suppose 0 = y - 3*f - 40, 5*y - 70 = w*f + 140. What is the units digit of y?
3
Let k(q) = -12*q - 18. Let x be k(10). Let l = -73 - x. What is the units digit of l?
5
Let k(c) = 24*c - 31. Let l be k(9). Let d = l + -94. What is the units digit of d?
1
Suppose -31 = -q - k, 15*q + 25 = 16*q + 4*k. What is the units digit of q?
3
Suppose -3*d = -3*f - 285, f = 7*d - 2*d - 491. What is the tens digit of (-10 - -15)*d/5?
9
Suppose -24 = -4*z - 4*t, -z + t = -3*t + 14. Let p(n) = 66*n. What is the tens digit of p(z)?
3
Let g = 3400 + -3276. What is the units digit of g?
4
Let p(h) = 5*h**2 - 7*h - 48. What is the thousands digit of p(-16)?
1
Let a(g) = -g**3 + 12*g**2 - 6*g + 5. Let z be a(11). Let f = -100 + z. What is the units digit of 45*(-12)/f*2?
7
Suppose 39 = 2*v - 5*v. Let q(m) = -16*m**2 - 59*m - 19. Let p(y) = -3*y**2 - 12*y - 4. Let i(n) = 11*p(n) - 2*q(n). What is the units digit of i(v)?
7
What is the units digit of (-156 - -3)*(-20)/15?
4
Suppose -6*d = -d - 5*v - 5, -2*v - 14 = -4*d. Suppose -2*b + 2 - 6 = 0. Let h = d + b. What is the units digit of h?
4
Suppose 180*x + 1330 = 187*x. What is the hundreds digit of x?
1
Suppose 78 = -6*z - 138. Let w be 9/(z/(-8)) + -178. What is the units digit of ((-108)/48)/(6/w)?
6
Suppose 13*t + 51 = 12*t. Let j be 3*6*(-4)/(-1). Let r = t + j. What is the units digit of r?
1
Let x(z) be the second derivative of 13*z**3/6 + z**2/2 + 6*z. What is the units digit of x(1)?
4
Let f(o) = -o**3 + 53*o**2 + 15*o + 26. What is the tens digit of f(11)?
7
Let c = -26 + 14. Let j(a) = -a**2 - 13*a. Let h be j(c). What is the tens digit of ((-3)/(-2))/(h/208)?
2
Let m = -102 + 310. What is the hundreds digit of m?
2
Let z(g) = -17*g + 5. Suppose -20 = -3*n + 8*n. What is the tens digit of z(n)?
7
Suppose 4*r - 9*r = -10180. What is the hundreds digit of r?
0
Suppose -2*c = -3*f + 11536, 3*c = 3*f - f - 7689. What is the tens digit of f?
4
Let u(t) = -2*t**2 - 23*t - 20. Let o be u(-9). What is the tens digit of (5040/o)/6 + (-4)/(-10)?
3
Suppose 3*m + 2*m = 2*x - 342, -5*x - m = -855. Suppose 0 = 5*a - x - 129. What is the tens digit of a?
6
Let n(v) = -v**2 + 12*v + 13. Let c be n(13). Suppose 100 = p - c*p. What is the units digit of p?
0
Let h(j) = -j**3 - 7*j**2 - 5*j + 6. Let o be h(-6). What is the tens digit of 685/6 - 3/(o - -18)?
1
Let w be (9/(-12))/((-2)/(-472)). Let s = w - -312. What is the hundreds digit of s?
1
Let l be 8/(-5)*(-11)/(88/60). Suppose -304 = -l*f + 92. What is the units digit of f?
3
Suppose 5*c + 5 = 15. Suppose -12 = 2*z - 4*y + c, -z - y = -8. What is the units digit of z?
3
Let d(h) = -h**3 - h + 3. Let t be d(0). Suppose t*q + 9 = 24. Suppose 1 = -p - 2*y, q*p - 31 = 3*y + 29. What is the units digit of p?
9
Suppose -3*w = 3*n + 36, -5*n + 2*w - 6 = 40. What is the tens digit of 2/n - 580/(-25)?
2
Suppose 2364 = 4*z - 512. What is the units digit of z?
9
Let z(i) = -i - 7. Let o be z(-7). Suppose 15 = -o*n + 3*n. Suppose 0 = -2*g + 3*g + n*c - 11, 3*g + 3*c - 33 = 0. What is the tens digit of g?
1
Let v = 5 - 3. Let w(q) = 14*q**2 - q + 1. Let f(t) = 15*t**2 - t + 1. Let m(d) = -5*f(d) + 6*w(d). What is the units digit of m(v)?
5
Let m be 8/10*(-110)/(-4). Suppose -3*y = -5*h - m, -2*y + 18 = 2*h - 7*h. Suppose -3*j + y*j - 45 = 0. What is the tens digit of j?
4
Suppose 0 = -7*f + 2*f + 4770. What is the units digit of f?
4
Let q be 3/((-3)/(-6) + 0 + 1). Suppose 0 = q*y + 5*y - 679. What is the tens digit of y?
9
Let z be (-3285)/(-75) - 2/(-10). Let l = z - 13. What is the units digit of l?
1
Suppose -2059 = 2*y - 8121. What is the units digit of y?
1
Let q = 0 + 8. Suppose -q*y + 20 = -3*y. Suppose 0 = y*i - 42 - 10. What is the units digit of i?
3
Suppose 0 = 6*u - 0 - 0. What is the tens digit of (u - (-58)/(-4))*(-42)/7?
8
Let c = 1224 + -622. What is the tens digit of c?
0
Suppose 8*g - 19*g + 11286 = 0. What is the thousands digit of g?
1
Suppose -7*g - 36 = -g. Let f = 66 + g. What is the tens digit of f?
6
Suppose -2*h - 2*b + 2 + 0 = 0, 0 = 5*h - 5*b - 15. Suppose h*q + 388 = 4*w - 0*q, 4*q = 5*w - 479. What is the units digit of w?
9
Suppose -4*t - 8*t + 216 = 0. Let y = 15 + t. What is the tens digit of y?
3
Let w be (-261)/(-12) - (1 - 5/4). Suppose -h = h + 22. Let u = w + h. What is the units digit of u?
1
Suppose -8120 = -9*d - 5*d. What is the units digit of d?
0
Let b = 466 + -297. What is the units digit of b?
9
What is the units digit of 14/(3/(-129)*-2)?
1
Let o(m) = m**2 + 15*m + 8. Let f be o(-8). Let h = -5 - f. What is the units digit of h?
3
Let o(t) = -t**3 - 7*t**2 + 3*t + 6. Let r be o(-8). Suppose 0 = -4*a, a + 50 = 2*n - r. What is the tens digit of n?
4
Let l be -25*1*(6 - 5). Let b = -1 + l. Let g = b - -41. What is the units digit of g?
5
Let i(w) be the first derivative of 11 - 13 - 13*w + 0*w**2 - w**2. What is the units digit of i(-11)?
9
Let x(n) = -n**3 + n**2 - n + 1. Let g(f) = 2*f**3 + 20*f**2 + 40*f - 29. Let w(o) = g(o) + 3*x(o). What is the tens digit of w(24)?
8
Suppose -9*y = -4*y + 250. Let o be y/(-15) + (-1)/3. Let b(f) = 4*f**2 + 3*f - 7. What is the units digit of b(o)?
8
Let u = -10 + 12. Let h be 1 + -1 - (u - 4). Suppose 80 = h*r + 2*i, r + 6*i - 50 = 3*i. What is the units digit of r?
5
Let j = -721 - -808. What is the units digit of j?
7
Suppose 0 = h - 4*n - 10, 1 = 2*n + 3. Suppose h*k - k - 225 = 0. What is the units digit of k?
5
Suppose 0 = -51*o + 28 + 23. What is the units digit of o?
1
Let b = -30 - -123. Suppose -b = 20*g - 21*g. What is the units digit of g?
3
Let i(j) = 14*j - 22. Let w be i(9). Suppose 2*m - 3*p = -0*m + 39, 5*m - p - w = 0. Suppose m*k = 24*k - 96. What is the tens digit of k?
3
Let o = -81 - -367. Suppose 2*k + 6*z - z = o, -k - z = -149. What is the hundreds digit of k?
1
Let c = -126 - -178. What is the units digit of 0/(4/(1 + 1)) + c?
2
Suppose 35211 = 43*n + 7261. What is the tens digit of n?
5
Suppose 3*k = -0*k + 522. Suppose 181 + k = 5*r. What is the units digit of r?
1
What is the units digit of 309 - (-3)/9*0?
9
Let g(p) = p**3 + 30*p**2 - 45*p + 88. What is the units digit of g(-31)?
2
Let j = 483 - 164. What is the tens digit of j?
1
Let a(q) = q**2 - 13*q + 8. Let i = 51 - 9. Suppose i = 9*o - 6*o. What is the tens digit of a(o)?
2
Let x = 25 + -25. Suppose 0 = -4*p - x*p, 92 = n + 2*p. What is the tens digit of n?
9
Suppose 1704 - 2480 = -4*q. What is the units digit of q?
4
Suppose -36*s + 101419 = -35021. What is the tens digit of s?
9
Suppose -2*k - 2 = 5*q, 8 = k - 0*k - 2*q. Let m = 7 - k. Suppose -2*a + 2*o - o + 18 = 0, -4*o = m*a - 16. What is the units digit of a?
8
Suppose 0 = 2*x + 56 - 62. Suppose 5*z + 2621 = 2*v, -2*z + x*v = 2*z + 2101. What is the tens digit of 36/(-96) + z/(-8)?
6
Let y = 1852 - -2332. What is the thousands digit of y?
4
Suppose 4*y + 5*l - 2*l = 17, -l - 3 = -3*y. Let o(v) = -7*v**2 - 2. Let c be o(y). What is the units digit of (-4)/(-10)*c/(-1)?
2
Suppose 2266 = 6*s - 3824. What is the hundreds digit of s?
0
Suppose 3*b + 174 = l - 1249, b = -l + 1411. What is the tens digit of l?
1
Let w(r) = -5*r**3 - r**2 + 44*r. What is the units digit of w(-7)?
8
Let s(i) be the third derivative of i**4/8 - i**3/2 - 10*i**2. What is the units digit of s(16)?
5
Suppose 0 = 5*p - 45. Suppose 21*g = p*g + 1116. What is the tens digit of g?
9
Let p = 11 - 9. Suppose -62 = -6*u + p*u + 2*a, u - 3*a = 23. Wh